3 = -q + 5. Calculate the remainder when q is divided by 3.
2
Suppose 0*m = m - 60. Suppose -57 - m = -5*l - 4*r, 111 = 5*l + 2*r. What is the remainder when 40 is divided by l?
19
Let o(q) = 66*q - 2. Let z be o(1). Let t = 100 + -38. Suppose -2*a - 4*r = -6*a + z, 5*r + t = 4*a. Calculate the remainder when 34 is divided by a.
16
Let w(p) = 7*p - 38. Suppose -2*a - k + 79 = 0, 0 = 5*a + 2*k + 3*k - 185. What is the remainder when a is divided by w(7)?
9
Let j = -24 + 37. Calculate the remainder when 37 is divided by j.
11
Let s(t) = 2*t - 6. Let f be s(4). Let c be 0/(f + 0/3). Suppose l + 2*l - 62 = -4*o, c = 3*o - 5*l - 61. What is the remainder when 33 is divided by o?
16
Suppose 2*v + 2*v = -4. Calculate the remainder when 23 is divided by (1/(-2))/(v/24).
11
Let f(z) = -6*z - 19. What is the remainder when 27 is divided by f(-6)?
10
Suppose q + 2*q - 21 = 0. Suppose 0 = -4*i - 0*i + 16. What is the remainder when q is divided by i?
3
Suppose 0 = 3*h - 61 + 7. Suppose -8*f + 4*f = -136. Calculate the remainder when f is divided by h.
16
Let v = -19 - -53. What is the remainder when 65 is divided by v?
31
Let k(i) = -i**2 - 18*i + 10. What is the remainder when k(-14) is divided by 23?
20
Suppose -87 = 2*a - 4*p + 23, -3*a + 2*p - 173 = 0. Let y = -40 - a. Calculate the remainder when y is divided by 5.
4
Suppose 4*r = 12 - 4. Let p = -3 - -5. Suppose -5*i = -p*i - 6. What is the remainder when i is divided by r?
0
Let b(c) = -c**2 + 10*c - 6. Let s be (-2)/7 - 65/(-7). Suppose 19 = 3*y - l, 2*y - 9 - 13 = -4*l. Calculate the remainder when y is divided by b(s).
1
Let v = -1 - -18. What is the remainder when (-14)/8*(-26 + -2) is divided by v?
15
Suppose 17 = 4*w - 19. What is the remainder when 26 is divided by w?
8
Suppose -4*n + 3*d + 18 = 0, d = -n + 5*d - 2. Suppose -1 = -g - 3*h - 0, g - 4*h = 22. What is the remainder when n is divided by (4/10)/(1/g)?
2
Calculate the remainder when -9*2/(-6)*4 is divided by 7.
5
Suppose -3*t - 5 - 4 = -4*s, -2*t - 6 = s. Suppose 5*d = 26 + 84. Let k = t + d. Calculate the remainder when k is divided by 10.
9
Let u(m) = -6*m - 1. Let k be u(-4). Suppose -k = -2*r + 69. Suppose i + i = r. Calculate the remainder when i is divided by 12.
11
Suppose 80 + 186 = 7*l. Calculate the remainder when l is divided by 20.
18
Suppose 6*g = 2*g - 2*q + 38, -q - 5 = -g. What is the remainder when -58*((-3)/(-3))/(-2) is divided by g?
5
What is the remainder when 149 is divided by 336/18 - 2/(-6)?
16
Suppose -2 = 3*v - 11. Suppose 4*r = -l + 4, -3*r + 16 = 3*l + l. Calculate the remainder when l is divided by v.
1
Let w(f) = 6*f**2 - 4*f - 2. Let h be w(5). Let p(t) = -6*t**3 - t**2. Let r be p(-1). Suppose 177 = r*s - h. Calculate the remainder when s is divided by 21.
19
Let u = 0 + -5. Let r = u - -7. What is the remainder when 2 is divided by r?
0
Let z be 6*1*(-6 + 5). Let p = 17 + z. Calculate the remainder when p is divided by 4.
3
Suppose -j - 4*j - 2*s = -1110, -3*j + 2*s + 666 = 0. Let g = j + -132. Calculate the remainder when g is divided by 23.
21
Let j be (4/(-3))/(2/(-9)). Suppose 3*c - g - 42 = 0, -3*g - 12 = -4*c + 44. Calculate the remainder when c is divided by 9 - (-3 + -2 + j).
6
Let a = -16 + 37. Let n be (-2 + a/6)*94. What is the remainder when 11 is divided by n/21 - 4/(-14)?
4
What is the remainder when (-1707)/(-21) - (-6)/(-21) is divided by 21?
18
Calculate the remainder when 112 is divided by (-812)/70*5/(-2).
25
Suppose 5*k = -2*y + 2*k - 3, -2*k = -2*y + 2. Suppose 5*o - 22 = -4*m + 18, y = 4*o - 16. Calculate the remainder when 8 is divided by m.
3
Let q(a) be the third derivative of -a**5/15 - a**4/3 + a**3/3 - 2*a**2. Let v be q(-6). Let f = -56 - v. Calculate the remainder when f is divided by 13.
12
Suppose i + 3*a - 86 = -i, 4*i - 2*a - 140 = 0. Let z be (-213)/(-6) + 1/(-2). Suppose -2*j - 9 + z = 0. Calculate the remainder when i is divided by j.
11
Let g = -13 + 16. Calculate the remainder when 10 is divided by g.
1
Let p(k) = -k + 0 - 4 + 3*k. Let w be p(3). Suppose -w*y = 2*y + 2*v - 58, -4*v = -12. Calculate the remainder when y is divided by 5.
3
Let n(v) = -v**3 - 4*v**2 - 4*v - 10. Calculate the remainder when n(-6) is divided by 29.
28
Let z be 12 + -3*4/6. Suppose -z = 3*b - 61. Suppose 49 = g + 3*g - 5*v, -17 = -2*g + v. Calculate the remainder when b is divided by g.
5
Let q be (-21)/(-2)*(-2)/(-1). Suppose 2*x + q = 5*x. What is the remainder when 0 + -1 + 2 - -12 is divided by x?
6
Let k = -6 + 2. What is the remainder when (54/k)/(1/(-2)) is divided by 15?
12
Let p = -7 + 10. Calculate the remainder when 6 is divided by 2/4*(p - -5).
2
Suppose 3*u = u. Suppose u = -5*g + 5, 43 = 3*b + b - g. Calculate the remainder when 31 is divided by b.
9
Let f(k) = 2*k + 2. Let j(x) = -7*x - 5. Let r(s) = -11*f(s) - 4*j(s). Calculate the remainder when 28 is divided by r(2).
8
Let a = -158 + 256. Calculate the remainder when a is divided by 33.
32
Let z = -19 + 31. What is the remainder when (-62)/(-3) + (-2)/(-6) is divided by z?
9
Suppose -16*h + 14*h = -26. Calculate the remainder when 64 is divided by h.
12
Let i be 4/3*(-1 + -2). Suppose 4*g = -4*z + 24, -g + 12 = -0*z - 2*z. Calculate the remainder when g is divided by 2*(-1)/(i/6).
2
Suppose -2*k - 17 - 7 = l, 2*k + 4*l = -36. Let v = k + 29. Calculate the remainder when 56 is divided by v.
18
Suppose 0 = 2*k - 0*k - 2. Suppose 4 = d + k. Calculate the remainder when 10 is divided by d.
1
Suppose 0 = -4*z + z + 51. Calculate the remainder when z is divided by 6.
5
Let j(v) = v**3 - 4*v**2 - 5*v - 4. Calculate the remainder when j(7) is divided by 38.
32
Let i(k) = 5*k + 29. Calculate the remainder when 86 is divided by i(0).
28
Calculate the remainder when 9/(108/(-8))*-36 is divided by 9.
6
Suppose -83 = -5*t + 3*g, 3*t - 2*t - 2*g - 18 = 0. What is the remainder when 29 is divided by t?
13
Suppose 3*g + 24 = -3*n + 111, 0 = -g - 3. What is the remainder when 189 is divided by n?
29
Let c = -1 + 6. Calculate the remainder when 19 is divided by c.
4
Suppose 4*y = 3*o + 22, -4*y - 2 = -5*o - 28. Suppose 2*w = 2 + y. Calculate the remainder when 7 is divided by w.
1
Suppose -2*n = 3*i - 115, -i - 3*n - 176 = -5*i. What is the remainder when i is divided by (-2)/9 + 256/18?
13
Let o be (8/(-16))/(1/6). Let v = o - -15. Calculate the remainder when 23 is divided by v.
11
Let s be ((-12)/10)/((-8)/20). Suppose -22 = -s*v + 2. Calculate the remainder when v is divided by (-2)/((-4)/6 + 0).
2
Suppose 34 + 12 = 2*i. What is the remainder when i is divided by 12?
11
Calculate the remainder when 27 - (-2 - (3 - 5)) is divided by -1 + 1 + 0 + 7.
6
Let r(w) = 1 + 2 - 7*w - 1. Suppose 0 = m + 2*p - 2 - 2, 2*m - 2*p - 14 = 0. What is the remainder when r(-2) is divided by m?
4
Let r(q) = q**2 + 15*q - 35. What is the remainder when r(-19) is divided by 15?
11
Let a = -22 - -44. Suppose 2*w + 2*r = 6, w - 6 = -w + 3*r. Suppose 50 = w*c + 14. What is the remainder when a is divided by c?
10
Let a(m) = m**3 + 5*m**2 - 4*m - 6. Suppose -5*v - 321 = 4*u, -3*u - 4*v - 146 = 94. What is the remainder when a(-4) is divided by 6/(-4)*u/9?
12
Suppose 5*k = 2*x - 15, 2*x - k - 5 + 2 = 0. Suppose 0 = 5*v - 40 - x. What is the remainder when 22 is divided by v?
6
Let t = 7 - 1. Suppose 2*o - 103 = l, 0 = -2*l - 4 - t. What is the remainder when o is divided by 13?
10
Suppose 7*r - 5*r - 70 = 0. What is the remainder when r is divided by 9?
8
Let h be (1/(-2))/((-3)/90). Let b be ((-54)/h)/((-1)/20). Suppose -o = -2*r + b, 4*r - 146 = -0*o + 3*o. What is the remainder when r is divided by 9?
8
Calculate the remainder when 5 is divided by (4/(-5))/(2/(-5)).
1
Let w(g) = -2*g - 1. Let c be w(1). Let x(r) = -2*r**3 - 5*r**2 - 3*r + 3. What is the remainder when x(c) is divided by 11?
10
Let r = 1 - -1. Suppose -s + 0 = -4*d + 22, -2*d + r*s + 14 = 0. Suppose 0*n = d*n + 5*g - 45, n - g = 13. What is the remainder when 19 is divided by n?
8
Let h = -96 - -123. What is the remainder when h is divided by 14?
13
Let u(l) = -2*l**2 + 5*l - 6. Let z be u(4). Suppose -h - h + 28 = 0. Calculate the remainder when (-490)/z + (-4)/18 is divided by h.
13
Suppose -38 = -5*a - 4*z + 12, 0 = -5*a + 4*z + 90. Calculate the remainder when 40 is divided by a.